8/i?
38
Suppose 4*z + 10014 = 2*p + 9*z, -5*z = p - 5007. Calculate the remainder when p is divided by 218.
211
Suppose -55*q + 315 = -76*q. Let i(f) = 3*f**2 + 43*f + 17. What is the remainder when i(q) is divided by 18?
11
Let u(q) = q**3 + 4*q**2 - 19*q - 39. Let i be u(-6). What is the remainder when 230 is divided by -1 + 560/21 - (-1)/i?
22
Suppose 21*r - 1245 = 99. Let p(i) = 3*i**2 - i - 4. What is the remainder when r is divided by p(-3)?
12
Let g(y) = 39*y. Suppose -5 + 0 = -5*u. Suppose 198612 = -20*d + 198812. Calculate the remainder when g(u) is divided by d.
9
Let v be -1 - (0 - (1 - 6)). Calculate the remainder when v/39 - 1137/(-39) is divided by 4.
1
Let r(a) = -a**2 + 2025*a - 12107. Let u be 1 - -4*(0 - -1). Calculate the remainder when 15*1/u*8 is divided by r(6).
3
Suppose -68 = -3*q - g, 38*q + 16 = 39*q - 3*g. Calculate the remainder when 76 is divided by q.
10
Let r(q) = 2*q**2 - 9*q + 9. Let z be r(6). Let i = -8 + z. Suppose -i + 74 = x. What is the remainder when x is divided by 29?
26
Let o be (-5952)/36 - 1/(-3). Let a be 2/(-7) - o/(-35). Calculate the remainder when (a - -4)/(3/(-51)) is divided by 11.
6
Let h = -2204 + 2318. Calculate the remainder when 467 is divided by h.
11
Let u(q) = -q**3 + 10*q**2 + 5*q - 4. Let n be 3/(15/9 - (-4)/(-3)). Calculate the remainder when u(10) is divided by -3*(2 - 66/n).
14
Suppose 0 = -3*n - 12, 4*v - 72 = -5*n + 3*n. Suppose -112 = -27*q + v*q. Suppose -3*d - 45 = -180. Calculate the remainder when d is divided by q.
13
What is the remainder when 1350 is divided by (-25)/(225/(-54)) + (-4)/((-16)/20)?
8
Suppose -21*k - 458 = -98*k + 2391. Let q be (3 + 0)*10/6. Suppose -q*t = -5, -3*o - 4*t = -o - 24. Calculate the remainder when k is divided by o.
7
Let f = -283 - -298. Suppose 15*s = 20*s - f, 0 = -3*c + 3*s + 54. Calculate the remainder when 117 is divided by c.
12
Let z = -7698 + 7799. What is the remainder when 821 is divided by z?
13
Suppose 25*g + 1818 = 26*g. Suppose 3*h - 1363 = 2*y, 0 = -3*h - h + 2*y + g. Suppose 29*s = 24*s + h. Calculate the remainder when s is divided by 32.
27
Suppose -17*u + 1820 = 341. Calculate the remainder when 746 is divided by u.
50
Let o(k) = -60*k - 7. Let j be o(-7). Let n = -249 + j. Let l = 281 - n. What is the remainder when l is divided by 30?
27
Suppose t - 2 = -4*d - 3, 0 = 3*t - 2*d - 11. Suppose -u + t + 66 = 0. What is the remainder when 412 is divided by u?
67
Suppose 5*r = r + 48. Let c(k) be the first derivative of k**3/3 - 6*k**2 + 6*k + 276. Calculate the remainder when 29 is divided by c(r).
5
Let q be 2/(-5 - 532/(-108)). Let d = q + 153. Suppose -d = h - 10*h. Calculate the remainder when h is divided by 4.
2
Suppose -12*x = x - 2*x. Suppose x = 4*w - 28 + 4. Suppose 0 = 5*i + 3*j - 285, -i + 5*i = 2*j + 228. What is the remainder when i is divided by w?
3
Let q be (-12)/(-54) + 86/18. Suppose -2 - 6 = l + 4*k, -4*l + 31 = -q*k. Calculate the remainder when (-2 + (-8)/(-2))*110/l is divided by 12.
7
Let z = -108 + 111. Suppose -74 = -z*t - 20. Let i = 371 + -210. What is the remainder when i is divided by t?
17
Let d(b) = b**2 - 5*b. Let n be d(-4). Let r = 11 + n. Suppose -2*x + 308 = -2*i + 34, -x = 4*i - 132. What is the remainder when x is divided by r?
42
Suppose -15 = 3*g, -g + 112 = -2*y + 5*y. Let w be ((-14 + 14)*(1 - 2))/(-1). Suppose -31*c + 22*c + 72 = w. Calculate the remainder when y is divided by c.
7
Suppose 0 = -3*j + j + 10. Suppose 0 = 8*d - j*d + 6. Calculate the remainder when 745/10 - (-1)/d is divided by 19.
17
Suppose 32*w - 10*w - 902 = 0. Suppose w*p - 45*p + 64 = 0. What is the remainder when 62 is divided by p?
14
Let d(j) = -6*j - 2. Suppose -30 = 17*m - 12*m - 5*l, 6 = -m - 3*l. Calculate the remainder when (-12 - m) + 23 + 4 is divided by d(-2).
1
Suppose 3*u + u - 8 = -5*j, 8 = 2*j + 4*u. Suppose j = 3*l - 18*t + 22*t - 17, 11 = l - 4*t. Calculate the remainder when 58 is divided by l.
2
Suppose 61*f - 28251 = -68*f. Calculate the remainder when f is divided by 26.
11
Suppose -10*r + 21*r = 4*r + 4179. What is the remainder when r is divided by 126?
93
Let p = -5455 + 5540. Calculate the remainder when 1016 is divided by p.
81
Let d(w) = -w**3 + 50*w**2 - 8*w + 596. Calculate the remainder when d(50) is divided by 90.
16
Suppose m - 3 = 5. Suppose f - 3*y + 17 = 0, -4*y = -14*f + 18*f + 52. What is the remainder when (f/(-3))/((-1)/((-39)/13)) is divided by m?
6
Suppose -376 + 52 = -2*c. Let x = 27375 + -27332. What is the remainder when c is divided by x?
33
Let s(b) = 7*b**2 - 4*b - 11. Let t(c) = -4*c**2 + 3*c + 5. Let o(d) = 3*s(d) + 5*t(d). What is the remainder when o(5) is divided by 18?
14
Suppose 24*v + 420 = 27*v. Suppose 0 = -4*r + v. Suppose 8*d - 65 = 3*d. Calculate the remainder when r is divided by d.
9
Let t be 79570/120 + 7/(-84). Let n = t + -602. What is the remainder when 309 is divided by n?
4
Suppose -2572*m + 2580*m = 624. Suppose h - 2 = -h. Let n(f) = 27*f**2 - f + 1. Calculate the remainder when m is divided by n(h).
24
Suppose 5*f = -0*x + x + 7, 0 = 5*f - 15. What is the remainder when x is divided by ((-36)/165 - 26/143)*-10?
0
Suppose 4*u = -2*f + 120, -4*f + 4*f + 2*u = 0. Calculate the remainder when 532 is divided by f.
52
Let w = -27 - -48. Let x = 20 + -104. Calculate the remainder when 718/7 - 3/x*-16 is divided by w.
18
Let k(m) = m**3 - 26*m**2 + 75*m - 88. What is the remainder when k(23) is divided by 47?
3
Let b(q) = q**3 - 26*q**2 - 251*q - 15. What is the remainder when b(-7) is divided by 122?
3
Let d = -696 - -984. Let k = d - 182. What is the remainder when 314 is divided by k?
102
Suppose 15*c + 24941 = 76751. What is the remainder when c is divided by 36?
34
Let p(l) = -10*l**3 - 3*l**2 - l. Let r be p(-2). Calculate the remainder when r - (-5 - -3)*-1 is divided by 488/20 + (-256)/40 + 6.
20
Let a be (3 + -1)*(-14865)/(-30). Suppose 0 = 5*z - 2*b - a, 8 = 8*b - 4*b. Calculate the remainder when z is divided by 35.
24
Suppose 0*o - 3010 = 5*k - o, 5*o - 1204 = 2*k. Let d = 69 - 48. What is the remainder when (-7)/35 + k/(-10) is divided by d?
18
Let c(j) be the second derivative of 15*j**3 + j**2/2 + 3*j. Let a(t) = 72*t + 610. What is the remainder when c(1) is divided by a(-8)?
23
Let p(r) = 135*r + 93. What is the remainder when 108 is divided by p(0)?
15
Suppose 143*s - 136*s - 42 = 0. Suppose -9*h = -s*h - 60. What is the remainder when 14/(-2)*11/(-1) is divided by h?
17
Let z = 494 - 780. Let a = -225 - z. Suppose x - 80 = -4*x. What is the remainder when a is divided by x?
13
Suppose -13*t = -15*t + 8. Suppose -k + t*k = -l + 29, 2*l - 93 = k. What is the remainder when 219 is divided by l?
43
Let q(l) = 2*l + 20. Let y be q(-7). What is the remainder when ((-1680)/45)/((-4)/y) is divided by 10?
6
Let k(l) = -l**3 + 40*l**2 - 36*l - 18. Let o be k(39). Suppose -463 + o = -7*i. What is the remainder when 151 is divided by i?
47
Suppose -72*s = 2*a - 76*s - 280, 0 = -3*a - 2*s + 396. Calculate the remainder when 502 is divided by a.
100
Let z(u) = 4*u**2 - 12*u + 70. What is the remainder when 701 is divided by z(10)?
1
Let y = -7782 - -7865. Calculate the remainder when y is divided by 34.
15
Let r(w) = w**3 + 20*w**2 + 25*w + 53. Let z(j) = -7*j**2 - 17. Let n be z(0). What is the remainder when r(n) is divided by 62?
61
Suppose 4*l - l - 56 = -4*u, -42 = -3*u + l. Suppose 0*z + 922 = -3*z + 1000. Calculate the remainder when z is divided by u.
12
Let q = -4716 - -5062. Calculate the remainder when q is divided by 72.
58
Let v = 427862 - 427849. Calculate the remainder when 213/5 + (-4)/(-10) is divided by v.
4
Suppose 2438 - 25946 + 1474 = -46*k. Calculate the remainder when k is divided by 206.
67
Suppose 9*a = -67 - 41. What is the remainder when 33 is divided by ((-68)/8 + 1)/(9/a)?
3
Let o = -10807 + 11865. What is the remainder when o is divided by 348?
14
Suppose -3 = -a - 6. Let j be (-351)/(-4) - a/12. Suppose -8*i = -4*i - j. Calculate the remainder when i is divided by 2.
0
Let w(v) = v**3 + 24*v**2 - 37*v + 233. Calculate the remainder when w(-24) is divided by 128.
97
Let m(l) = 35*l - 214. What is the remainder when 351 is divided by m(8)?
21
Suppose -2*k - 69 = -2*n + 3*k, 5*n + 4*k = 123. Suppose -8*s = -n*s 